{"version":"1.0","provider_name":"Stars Magaz\u00edn Karaoketexty.cz","provider_url":"https:\/\/www.karaoketexty.cz\/magazin","author_name":"Franti\u0161ek Zahradn\u00ed\u010dek","author_url":"https:\/\/www.karaoketexty.cz\/magazin\/author\/frantazahrada\/","title":"Jedno z nejstra\u0161ideln\u011bj\u0161\u00edch hudebn\u00edch vystoupen\u00ed roku 2025: Rockov\u00e1 ikona Iggy Pop opou\u0161t\u011bl p\u00f3dium naprosto bizarn\u00edm zp\u016fsobem","type":"rich","width":600,"height":338,"html":"<blockquote class=\"wp-embedded-content\" data-secret=\"WgByC0nkKG\"><a href=\"https:\/\/www.karaoketexty.cz\/magazin\/rockova-ikona-iggy-pop-koncert-opoustel-v-rakvi\/\">Rockov\u00e1 ikona Iggy Pop vystra\u0161il fanou\u0161ky na koncert\u011b. P\u00f3dium opustil v rakvi<\/a><\/blockquote><iframe sandbox=\"allow-scripts\" security=\"restricted\" src=\"https:\/\/www.karaoketexty.cz\/magazin\/rockova-ikona-iggy-pop-koncert-opoustel-v-rakvi\/embed\/#?secret=WgByC0nkKG\" width=\"600\" height=\"338\" title=\"&#8222;Rockov\u00e1 ikona Iggy Pop vystra\u0161il fanou\u0161ky na koncert\u011b. P\u00f3dium opustil v rakvi&#8220; &#8212; Stars Magaz\u00edn Karaoketexty.cz\" data-secret=\"WgByC0nkKG\" frameborder=\"0\" marginwidth=\"0\" marginheight=\"0\" scrolling=\"no\" class=\"wp-embedded-content\"><\/iframe><script type=\"text\/javascript\">\n\/* <![CDATA[ *\/\n\/*! This file is auto-generated *\/\n!function(d,l){\"use strict\";l.querySelector&&d.addEventListener&&\"undefined\"!=typeof URL&&(d.wp=d.wp||{},d.wp.receiveEmbedMessage||(d.wp.receiveEmbedMessage=function(e){var t=e.data;if((t||t.secret||t.message||t.value)&&!\/[^a-zA-Z0-9]\/.test(t.secret)){for(var s,r,n,a=l.querySelectorAll('iframe[data-secret=\"'+t.secret+'\"]'),o=l.querySelectorAll('blockquote[data-secret=\"'+t.secret+'\"]'),c=new RegExp(\"^https?:$\",\"i\"),i=0;i<o.length;i++)o[i].style.display=\"none\";for(i=0;i<a.length;i++)s=a[i],e.source===s.contentWindow&&(s.removeAttribute(\"style\"),\"height\"===t.message?(1e3<(r=parseInt(t.value,10))?r=1e3:~~r<200&&(r=200),s.height=r):\"link\"===t.message&&(r=new URL(s.getAttribute(\"src\")),n=new URL(t.value),c.test(n.protocol))&&n.host===r.host&&l.activeElement===s&&(d.top.location.href=t.value))}},d.addEventListener(\"message\",d.wp.receiveEmbedMessage,!1),l.addEventListener(\"DOMContentLoaded\",function(){for(var e,t,s=l.querySelectorAll(\"iframe.wp-embedded-content\"),r=0;r<s.length;r++)(t=(e=s[r]).getAttribute(\"data-secret\"))||(t=Math.random().toString(36).substring(2,12),e.src+=\"#?secret=\"+t,e.setAttribute(\"data-secret\",t)),e.contentWindow.postMessage({message:\"ready\",secret:t},\"*\")},!1)))}(window,document);\n\/\/# sourceURL=https:\/\/www.karaoketexty.cz\/magazin\/wp-includes\/js\/wp-embed.min.js\n\/* ]]> *\/\n<\/script>\n","thumbnail_url":"https:\/\/www.karaoketexty.cz\/magazin\/wp-content\/uploads\/2025\/06\/iggy-popp-rok-2018.avif","thumbnail_width":1200,"thumbnail_height":672,"description":"Rockov\u00e1 legenda Iggy Pop opustila p\u00f3dium jako je\u0161t\u011b nikdo p\u0159edt\u00edm. Vlezl si do prav\u00e9 rakve a nechal se sv\u00fdm t\u00fdmem odn\u00e9st pry\u010d."}

Stars Magazín Karaoketexty.cz

František Zahradníček

Jedno z nejstrašidelnějších hudebních vystoupení roku 2025: Rocková ikona Iggy Pop opouštěl pódium naprosto bizarním způsobem

<blockquote class="wp-embedded-content" data-secret="WgByC0nkKG"><a href="https://www.karaoketexty.cz/magazin/rockova-ikona-iggy-pop-koncert-opoustel-v-rakvi/">Rocková ikona Iggy Pop vystrašil fanoušky na koncertě. Pódium opustil v rakvi</a></blockquote><iframe sandbox="allow-scripts" security="restricted" src="https://www.karaoketexty.cz/magazin/rockova-ikona-iggy-pop-koncert-opoustel-v-rakvi/embed/#?secret=WgByC0nkKG" width="600" height="338" title="&#8222;Rocková ikona Iggy Pop vystrašil fanoušky na koncertě. Pódium opustil v rakvi&#8220; &#8212; Stars Magazín Karaoketexty.cz" data-secret="WgByC0nkKG" frameborder="0" marginwidth="0" marginheight="0" scrolling="no" class="wp-embedded-content"></iframe><script type="text/javascript">
/* <![CDATA[ */
/*! This file is auto-generated */
!function(d,l){"use strict";l.querySelector&&d.addEventListener&&"undefined"!=typeof URL&&(d.wp=d.wp||{},d.wp.receiveEmbedMessage||(d.wp.receiveEmbedMessage=function(e){var t=e.data;if((t||t.secret||t.message||t.value)&&!/[^a-zA-Z0-9]/.test(t.secret)){for(var s,r,n,a=l.querySelectorAll('iframe[data-secret="'+t.secret+'"]'),o=l.querySelectorAll('blockquote[data-secret="'+t.secret+'"]'),c=new RegExp("^https?:$","i"),i=0;i<o.length;i++)o[i].style.display="none";for(i=0;i<a.length;i++)s=a[i],e.source===s.contentWindow&&(s.removeAttribute("style"),"height"===t.message?(1e3<(r=parseInt(t.value,10))?r=1e3:~~r<200&&(r=200),s.height=r):"link"===t.message&&(r=new URL(s.getAttribute("src")),n=new URL(t.value),c.test(n.protocol))&&n.host===r.host&&l.activeElement===s&&(d.top.location.href=t.value))}},d.addEventListener("message",d.wp.receiveEmbedMessage,!1),l.addEventListener("DOMContentLoaded",function(){for(var e,t,s=l.querySelectorAll("iframe.wp-embedded-content"),r=0;r<s.length;r++)(t=(e=s[r]).getAttribute("data-secret"))||(t=Math.random().toString(36).substring(2,12),e.src+="#?secret="+t,e.setAttribute("data-secret",t)),e.contentWindow.postMessage({message:"ready",secret:t},"*")},!1)))}(window,document);
//# sourceURL=https://www.karaoketexty.cz/magazin/wp-includes/js/wp-embed.min.js
/* ]]> */
</script>

Rocková legenda Iggy Pop opustila pódium jako ještě nikdo předtím. Vlezl si do pravé rakve a nechal se svým týmem odnést pryč.
