{"version":"1.0","provider_name":"Stars Magaz\u00edn Karaoketexty.cz","provider_url":"https:\/\/www.karaoketexty.cz\/magazin","author_name":"Franti\u0161ek Zahradn\u00ed\u010dek","author_url":"https:\/\/www.karaoketexty.cz\/magazin\/author\/frantazahrada\/","title":"Radostn\u00e1 zpr\u00e1va v \u017eivot\u011b Eminema: Slavn\u00fd rapper oslavuje nov\u00fd p\u0159\u00edr\u016fstek do rodiny. Jde o jeden z nejv\u00fdznamn\u011bj\u0161\u00edch moment\u016f jeho \u017eivota","type":"rich","width":600,"height":338,"html":"<blockquote class=\"wp-embedded-content\" data-secret=\"8L5Z8r5b4e\"><a href=\"https:\/\/www.karaoketexty.cz\/magazin\/eminem-je-dedecek-video-ke-dni-matek-dcera\/\">Eminem oslavuje nov\u00fd p\u0159\u00edr\u016fstek do rodiny. D\u00edky sv\u00e9 biologick\u00e9 dce\u0159i se stal d\u011bde\u010dkem<\/a><\/blockquote><iframe sandbox=\"allow-scripts\" security=\"restricted\" src=\"https:\/\/www.karaoketexty.cz\/magazin\/eminem-je-dedecek-video-ke-dni-matek-dcera\/embed\/#?secret=8L5Z8r5b4e\" width=\"600\" height=\"338\" title=\"&#8222;Eminem oslavuje nov\u00fd p\u0159\u00edr\u016fstek do rodiny. D\u00edky sv\u00e9 biologick\u00e9 dce\u0159i se stal d\u011bde\u010dkem&#8220; &#8212; Stars Magaz\u00edn Karaoketexty.cz\" data-secret=\"8L5Z8r5b4e\" frameborder=\"0\" marginwidth=\"0\" marginheight=\"0\" scrolling=\"no\" class=\"wp-embedded-content\"><\/iframe><script type=\"text\/javascript\">\n\/* <![CDATA[ *\/\n\/*! This file is auto-generated *\/\n!function(d,l){\"use strict\";l.querySelector&&d.addEventListener&&\"undefined\"!=typeof URL&&(d.wp=d.wp||{},d.wp.receiveEmbedMessage||(d.wp.receiveEmbedMessage=function(e){var t=e.data;if((t||t.secret||t.message||t.value)&&!\/[^a-zA-Z0-9]\/.test(t.secret)){for(var s,r,n,a=l.querySelectorAll('iframe[data-secret=\"'+t.secret+'\"]'),o=l.querySelectorAll('blockquote[data-secret=\"'+t.secret+'\"]'),c=new RegExp(\"^https?:$\",\"i\"),i=0;i<o.length;i++)o[i].style.display=\"none\";for(i=0;i<a.length;i++)s=a[i],e.source===s.contentWindow&&(s.removeAttribute(\"style\"),\"height\"===t.message?(1e3<(r=parseInt(t.value,10))?r=1e3:~~r<200&&(r=200),s.height=r):\"link\"===t.message&&(r=new URL(s.getAttribute(\"src\")),n=new URL(t.value),c.test(n.protocol))&&n.host===r.host&&l.activeElement===s&&(d.top.location.href=t.value))}},d.addEventListener(\"message\",d.wp.receiveEmbedMessage,!1),l.addEventListener(\"DOMContentLoaded\",function(){for(var e,t,s=l.querySelectorAll(\"iframe.wp-embedded-content\"),r=0;r<s.length;r++)(t=(e=s[r]).getAttribute(\"data-secret\"))||(t=Math.random().toString(36).substring(2,12),e.src+=\"#?secret=\"+t,e.setAttribute(\"data-secret\",t)),e.contentWindow.postMessage({message:\"ready\",secret:t},\"*\")},!1)))}(window,document);\n\/\/# sourceURL=https:\/\/www.karaoketexty.cz\/magazin\/wp-includes\/js\/wp-embed.min.js\n\/* ]]> *\/\n<\/script>\n","thumbnail_url":"https:\/\/www.karaoketexty.cz\/magazin\/wp-content\/uploads\/2025\/05\/eminem.avif","thumbnail_width":1200,"thumbnail_height":630,"description":"Eminemova dcera Hailie porodila kr\u00e1sn\u00e9ho chlapce. Z legend\u00e1rn\u00edho, a p\u0159edev\u0161\u00edm drsn\u00e9ho rappera se tak z\u00e1hy stal novope\u010den\u00fd d\u011bde\u010dek."}

Stars Magazín Karaoketexty.cz

František Zahradníček

Radostná zpráva v životě Eminema: Slavný rapper oslavuje nový přírůstek do rodiny. Jde o jeden z nejvýznamnějších momentů jeho života

<blockquote class="wp-embedded-content" data-secret="8L5Z8r5b4e"><a href="https://www.karaoketexty.cz/magazin/eminem-je-dedecek-video-ke-dni-matek-dcera/">Eminem oslavuje nový přírůstek do rodiny. Díky své biologické dceři se stal dědečkem</a></blockquote><iframe sandbox="allow-scripts" security="restricted" src="https://www.karaoketexty.cz/magazin/eminem-je-dedecek-video-ke-dni-matek-dcera/embed/#?secret=8L5Z8r5b4e" width="600" height="338" title="&#8222;Eminem oslavuje nový přírůstek do rodiny. Díky své biologické dceři se stal dědečkem&#8220; &#8212; Stars Magazín Karaoketexty.cz" data-secret="8L5Z8r5b4e" frameborder="0" marginwidth="0" marginheight="0" scrolling="no" class="wp-embedded-content"></iframe><script type="text/javascript">
/* <![CDATA[ */
/*! This file is auto-generated */
!function(d,l){"use strict";l.querySelector&&d.addEventListener&&"undefined"!=typeof URL&&(d.wp=d.wp||{},d.wp.receiveEmbedMessage||(d.wp.receiveEmbedMessage=function(e){var t=e.data;if((t||t.secret||t.message||t.value)&&!/[^a-zA-Z0-9]/.test(t.secret)){for(var s,r,n,a=l.querySelectorAll('iframe[data-secret="'+t.secret+'"]'),o=l.querySelectorAll('blockquote[data-secret="'+t.secret+'"]'),c=new RegExp("^https?:$","i"),i=0;i<o.length;i++)o[i].style.display="none";for(i=0;i<a.length;i++)s=a[i],e.source===s.contentWindow&&(s.removeAttribute("style"),"height"===t.message?(1e3<(r=parseInt(t.value,10))?r=1e3:~~r<200&&(r=200),s.height=r):"link"===t.message&&(r=new URL(s.getAttribute("src")),n=new URL(t.value),c.test(n.protocol))&&n.host===r.host&&l.activeElement===s&&(d.top.location.href=t.value))}},d.addEventListener("message",d.wp.receiveEmbedMessage,!1),l.addEventListener("DOMContentLoaded",function(){for(var e,t,s=l.querySelectorAll("iframe.wp-embedded-content"),r=0;r<s.length;r++)(t=(e=s[r]).getAttribute("data-secret"))||(t=Math.random().toString(36).substring(2,12),e.src+="#?secret="+t,e.setAttribute("data-secret",t)),e.contentWindow.postMessage({message:"ready",secret:t},"*")},!1)))}(window,document);
//# sourceURL=https://www.karaoketexty.cz/magazin/wp-includes/js/wp-embed.min.js
/* ]]> */
</script>

Eminemova dcera Hailie porodila krásného chlapce. Z legendárního, a především drsného rappera se tak záhy stal novopečený dědeček.
